-2*x + 4*x, 5*h - 47 = -4*x. List the prime factors of x.
2, 3
Let k(a) be the first derivative of -a**3/3 + 4*a**2 - 7*a - 1. What are the prime factors of k(6)?
5
Suppose -4*s + 177 = -267. List the prime factors of s.
3, 37
Suppose -4*h = -7 - 1. Suppose -60 = -2*v - h*v. What are the prime factors of v?
3, 5
Suppose 3*b + i = 19, -5*i + i = -4. What are the prime factors of 1/(-3) + 128/b?
3, 7
Let a = 8 - 4. Suppose 2 = 3*l - a. What are the prime factors of l?
2
Suppose -2*g + 22 = -0*g. Let m = g - 7. List the prime factors of m.
2
Let h(t) = t**2 - 8*t + 7. Let q be h(7). Suppose q = -5*k, -2*y - k + 4 = 3*k. What are the prime factors of y?
2
Let i(h) be the second derivative of 5*h**3/6 - h**2/2 - 3*h. List the prime factors of i(3).
2, 7
Suppose 2*t + 119 = 4*d + 17, -2*d + 31 = 3*t. What are the prime factors of d?
23
Let g = 3 - 1. Let z = 0 + g. What are the prime factors of (-18)/(1/(z/(-4)))?
3
Suppose -4*f = -5*i + i + 128, 3*i - 2*f - 94 = 0. List the prime factors of i.
2, 3, 5
Suppose 2*j - w + 1 = 0, 0 = j + 3*w - 2*w - 7. Let p = 8 + 0. Let d = j + p. What are the prime factors of d?
2, 5
Suppose -g + 117 = 5*d, -g - d = g - 270. What are the prime factors of g?
137
Let r(y) = -9*y + 5. Let o be r(-4). Let j = o - 24. List the prime factors of j.
17
Let t be 3 + -1*(3 + -4). Suppose -t*d = -2*d - 36. List the prime factors of d.
2, 3
Suppose -5*j - 2*h - 7 + 97 = 0, 2*j - 45 = h. List the prime factors of j.
2, 5
Let j(w) = w - 9. Let h(p) = -1. Let u(y) = -6*h(y) + j(y). Let a be u(4). Suppose a = -t + 16. What are the prime factors of t?
3, 5
Suppose 0 = -5*b - 232 + 777. List the prime factors of b.
109
Suppose 0 = -6*t + 289 + 371. Suppose -5*x + t = -5*b + 10, 0 = 5*b + 15. What are the prime factors of x?
17
Suppose -3*p = 2*d + 8 + 1, -d = -4*p - 12. Suppose -m + 0*m - 19 = d. Let x = m + 31. What are the prime factors of x?
2, 3
Let i = 7 - 5. Let n(x) be the first derivative of 4*x**2 + x + 10. List the prime factors of n(i).
17
Suppose 8 = 2*z - q, -3*q = -2*z + q + 14. Suppose -17 = -b - z. What are the prime factors of b?
2, 7
Let d = -1 + 7. Let f be 9/2 + 3/d. Suppose -3*c - 6 = v, f*c + 0 + 2 = -3*v. What are the prime factors of v?
2, 3
Let n(c) = -c**2 - 4*c + 4*c**2 + 0 + 0*c**2 + 3. What are the prime factors of n(2)?
7
Let y = 2 - 0. Let b = 2 + y. What are the prime factors of b?
2
Suppose t - 14 = -0*t. Let u be 1/((-12)/t + 1). Suppose 5*m + u = 77. What are the prime factors of m?
2, 7
Suppose -u + 12 = 3*u. Suppose u*d + 10 = -14. List the prime factors of (26/d)/((-2)/8).
13
Let p = -9 + 12. Suppose 6*o = p*o + 15. What are the prime factors of o?
5
Let k = 257 + 48. List the prime factors of k.
5, 61
Let s(g) = -g + 6. Let f be s(10). Let n(v) = -v**2 - 4*v. Let u be n(f). Suppose u = 3*d - d - 12. List the prime factors of d.
2, 3
Let d(c) = 10*c**3 - 2*c**2 + 2*c - 1. Let n(s) = s**3 + 2*s**2 - 2*s - 3. Let g be (0 - -1)/(3/(-6)). Let k be n(g). What are the prime factors of d(k)?
3
Let q = 5 - 0. Let f = -1 - q. List the prime factors of ((-2)/f)/(2/54).
3
Suppose 0 = 4*l + 3*z - 140, z - 56 - 92 = -4*l. What are the prime factors of l?
2, 19
Let d(o) be the second derivative of -o**5/10 - o**4/6 + o**3/3 + o**2/2 - 6*o. Let f be (-1)/(-3) + 7/(-3). List the prime factors of d(f).
5
Let t(h) = h**2 - h - 4. Let w(p) = -6*p**2 + 4*p + 19. Let y be ((-22)/(-4))/((-2)/4). Let q(k) = y*t(k) - 2*w(k). List the prime factors of q(-4).
2, 5
Suppose -2*m + 9 = m. Suppose 0 = -2*b + m*a - 25, 5*b = -a + 6 - 43. List the prime factors of (-30)/(-4)*b/(-5).
2, 3
Suppose 5*q + 0 = -15. Suppose -9 = -5*t + 4*b - 0*b, 3*t - 3*b = 6. What are the prime factors of q/(t + (-28)/22)?
11
Let k be ((-4)/(-10))/(2/10). List the prime factors of (-17)/((-4)/k + 1).
17
Let t = -6 + 10. Suppose -t*w - 12 = -6*w. List the prime factors of w.
2, 3
Let m(p) = p**2 - 3*p - 4. Suppose -2*j - 3*c = -0*j + 1, -5*j - 5*c = -5. Let u be m(j). Suppose u*z - z = -9. List the prime factors of z.
3
Let d = 37 + -27. List the prime factors of d.
2, 5
Let t = 320 + -228. Let f = t - 58. List the prime factors of f.
2, 17
Suppose 3*q + 4*t + 1 = -6, -15 = -3*t. Let h(y) = -y**3 - 10*y**2 - 11*y - 8. List the prime factors of h(q).
2, 5
Suppose 280 = -4*w + 8*w. List the prime factors of w.
2, 5, 7
Let h(t) be the second derivative of t**4/6 - t**3/6 - t**2/2 - 2*t. Let u = -2 + 1. List the prime factors of h(u).
2
Let q = 7 + 5. Let u = -2 - -4. Suppose -u*o + q = o. What are the prime factors of o?
2
Let z(b) = b**3 - 5*b**2 + 3*b - 6. Let v be z(6). Suppose 0*j - v = -2*j. What are the prime factors of j/(-9)*63/(-12)?
2, 7
Let j(o) = o**2 + 3*o - 4. Let c = -9 - -8. Let z = -7 - c. What are the prime factors of j(z)?
2, 7
Let o = 31 - 5. Let f = -11 + o. List the prime factors of f.
3, 5
Let x = -1 - -64. What are the prime factors of x?
3, 7
Suppose n = y - 60, 5*y - 276 = 3*n - 6*n. List the prime factors of y.
3, 19
Let t be 0/(-2 - (-2)/2). Suppose -d + 47 = 4*s, t = -2*s + d - 1 + 20. List the prime factors of s.
11
List the prime factors of -2 - -4 - 123/((-9)/3).
43
Suppose 3*g = -2*y - 11 - 17, -49 = 5*g + y. Let c = 21 + g. List the prime factors of c.
11
Let l(q) = 3*q + 11. Let f = 8 + -20. Let o be l(f). Let b = 36 + o. What are the prime factors of b?
11
Let p(a) = -a**2 + 13*a + 5. List the prime factors of p(7).
47
Let n(f) = f**3 - f**2 + 4. Let m(j) = -j**3 + 6*j**2 + j - 6. Let c be m(6). Suppose c*g = 4*g. What are the prime factors of n(g)?
2
Let r(j) = -j**3 - 4*j**2 + 4*j + 4. Let m be r(-4). Let q = 21 + m. List the prime factors of q.
3
Let m be 1/(-2) - 562/4. List the prime factors of (-1)/5 + m/(-5).
2, 7
Let q(d) = -d**3 + 5*d**2 - 5*d + 4. Let m be q(4). What are the prime factors of 6/3 + m/5?
2
Let b(u) be the third derivative of -u**5/60 - u**4/12 + u**3/2 - 2*u**2. Let c be b(2). Let x = c - -7. What are the prime factors of x?
2
List the prime factors of -1 - -20 - (1 - 3).
3, 7
Suppose 3*g - 52 = g + 5*h, 0 = -g + 3*h + 28. List the prime factors of g.
2
Suppose -v - 3 = -2*v. Suppose p = -v*p - 44. Let d = -5 - p. What are the prime factors of d?
2, 3
Let a(n) be the third derivative of n**6/120 + 2*n**5/15 - n**4/8 - 11*n**3/6 - 2*n**2. List the prime factors of a(-8).
13
Let f(m) = 2*m + 10. List the prime factors of f(11).
2
Let r = -5 - -7. Suppose 5*o = 2*s + 12, -r*s + 12 = -0*o + o. Suppose -3*g + s*a + 11 = 0, a = -3*g + 2*g + 13. List the prime factors of g.
3
Let r = 24 + -18. What are the prime factors of r?
2, 3
Let t be 0*1/4*2. Suppose -5*b - f = -70, 32 = 4*b - f - 3*f. Let q = b + t. List the prime factors of q.
13
Let u = -34 + 98. Suppose u = 6*p - 2*p. What are the prime factors of p?
2
What are the prime factors of (10/3)/((-28)/(-378))?
3, 5
Let g be 3 + 3/(9/3). Suppose -3*i + 12 - 2 = 5*b, -b = g*i + 15. Let r(k) = -k + 1. What are the prime factors of r(i)?
2, 3
Suppose 0 = -d - 5 + 3, -4*j - 74 = 5*d. Let u = -8 - j. Let h = u + -6. What are the prime factors of h?
2
Let y be 0/(6/9*-3). List the prime factors of 360/12 - (y - 3).
3, 11
Suppose 4*x - 7 - 1 = 0. Suppose x*u - 4 = -64. What are the prime factors of u/4*(-48)/18?
2, 5
Let o = 8 - -3. Let d = o + 5. Suppose 0*g + d = g. List the prime factors of g.
2
Let f(o) = o. Let c(g) = -11*g + 1. Let m(q) = c(q) + 6*f(q). Let z(t) = -t**2 + 2*t - 1. Let u be z(2). List the prime factors of m(u).
2, 3
Let c = 10 - 5. Suppose -5*j + 5*m - c = 0, m = -5*j - m - 33. Let o(d) = d**2 + 2*d - 3. List the prime factors of o(j).
2, 3
Let d(q) = 23*q + 7. What are the prime factors of d(3)?
2, 19
Let r(w) = -w**3 + 2*w**2 - 1. Let m be r(-1). Suppose 2*p + p - 51 = 0. Suppose -x - 11 = -4*a - m*x, -4*a + p = -5*x. What are the prime factors of a?
3
Suppose -2*j = s - 31, -3*j - 125 = -5*s + 2*j. List the prime factors of s.
3
Suppose -3*f + 8*f - 85 = 0. List the prime factors of f.
17
Let r(m) = -15*m + 4. What are the prime factors of r(-4)?
2
Let h be (-1)/((-3)/((-12)/(-2))). Suppose 3*u = -0*l - l + 31, -h*u + 4*l = -44. What are the prime factors of u?
2, 3
Suppose l - 10 = 2*a - 0, 0 = -l + a + 6. Suppose 3 + 7 = l*o. Suppose -2*b - 5*z = -5, 0*z - o*z = b + 5. List the prime factors of b.
2, 5
Let p(v) be the thir